{"id":66,"date":"2019-07-02T19:04:31","date_gmt":"2019-07-02T17:04:31","guid":{"rendered":"http:\/\/www.prix-arverne.com\/?page_id=66"},"modified":"2020-11-09T14:14:18","modified_gmt":"2020-11-09T13:14:18","slug":"home","status":"publish","type":"page","link":"https:\/\/www.prix-arverne.com\/","title":{"rendered":"Le Prix Arverne"},"content":{"rendered":"\n<div class=\"wp-block-image\"><figure class=\"alignleft is-resized\"><img loading=\"lazy\" decoding=\"async\" src=\"http:\/\/www.prix-arverne.com\/wp-content\/uploads\/2019\/07\/Prix_arverne.png\" alt=\"\" class=\"wp-image-102\" width=\"103\" height=\"166\" srcset=\"https:\/\/www.prix-arverne.com\/wp-content\/uploads\/2019\/07\/Prix_arverne.png 410w, https:\/\/www.prix-arverne.com\/wp-content\/uploads\/2019\/07\/Prix_arverne-185x300.png 185w\" sizes=\"auto, (max-width: 103px) 100vw, 103px\" \/><\/figure><\/div>\n\n\n\n<p>Le Prix Arverne a \u00e9t\u00e9 cr\u00e9\u00e9 en 2007 par la Ligue Auvergnate et du Massif Central. Le prix est attribu\u00e9 \u00e0 une publication litt\u00e9raire (roman, essai, nouvelle, biographie, monographie, po\u00e9sie, bande dessin\u00e9e, etc..) remplissant au moins l&rsquo;une des deux conditions suivantes :<\/p>\n\n\n\n<p><\/p>\n\n\n\n<ul class=\"wp-block-list\"><li>Etre \u00e9crite par un originaire de l&rsquo;un des d\u00e9partements couverts par la Ligue Auvergnate,<\/li><li>ou traitant d&rsquo;un sujet concernant l&rsquo;Auvergne.<\/li><\/ul>\n\n\n\n<p>La Ligue Auvergnate et du Massif Central \u00e9lit, chaque ann\u00e9e, ce prestigieux Prix Arverne par le biais d&rsquo;un jury litt\u00e9raire de compatriotes.<\/p>\n\n\n<p><em>Auteurs, \u00e9diteurs, amateurs litt\u00e9raires, proposez nous vos ouvrages pour la nomination&nbsp;du prochain Prix Arverne, \u00e0 l&rsquo;adresse <a href=\"mailto:ligueauvergnate@gmail.com\" target=\"_blank\" rel=\"noopener noreferrer\">ligueauvergnate@gmail.com<\/a><\/em><\/p>\n\n\n<p><\/p>\n","protected":false},"excerpt":{"rendered":"<p>Le Prix Arverne a \u00e9t\u00e9 cr\u00e9\u00e9 en 2007 par la Ligue Auvergnate et du Massif Central. Le prix est attribu\u00e9 \u00e0 une publication litt\u00e9raire (roman, essai, nouvelle, biographie, monographie, po\u00e9sie, bande dessin\u00e9e, etc..) remplissant au moins l&rsquo;une des deux conditions suivantes : Etre \u00e9crite par un originaire de l&rsquo;un des d\u00e9partements couverts par la Ligue&hellip;&nbsp;<a href=\"https:\/\/www.prix-arverne.com\/\" class=\"\" rel=\"bookmark\">Lire la suite &raquo;<span class=\"screen-reader-text\">Le Prix Arverne<\/span><\/a><\/p>\n","protected":false},"author":1,"featured_media":14,"parent":0,"menu_order":0,"comment_status":"closed","ping_status":"closed","template":"","meta":{"neve_meta_sidebar":"","neve_meta_container":"","neve_meta_enable_content_width":"off","neve_meta_content_width":0,"neve_meta_title_alignment":"","neve_meta_author_avatar":"","neve_post_elements_order":"","neve_meta_disable_header":"","neve_meta_disable_footer":"","neve_meta_disable_title":"","_themeisle_gutenberg_block_has_review":false,"footnotes":""},"class_list":["post-66","page","type-page","status-publish","has-post-thumbnail","hentry"],"_links":{"self":[{"href":"https:\/\/www.prix-arverne.com\/index.php?rest_route=\/wp\/v2\/pages\/66","targetHints":{"allow":["GET"]}}],"collection":[{"href":"https:\/\/www.prix-arverne.com\/index.php?rest_route=\/wp\/v2\/pages"}],"about":[{"href":"https:\/\/www.prix-arverne.com\/index.php?rest_route=\/wp\/v2\/types\/page"}],"author":[{"embeddable":true,"href":"https:\/\/www.prix-arverne.com\/index.php?rest_route=\/wp\/v2\/users\/1"}],"replies":[{"embeddable":true,"href":"https:\/\/www.prix-arverne.com\/index.php?rest_route=%2Fwp%2Fv2%2Fcomments&post=66"}],"version-history":[{"count":13,"href":"https:\/\/www.prix-arverne.com\/index.php?rest_route=\/wp\/v2\/pages\/66\/revisions"}],"predecessor-version":[{"id":248,"href":"https:\/\/www.prix-arverne.com\/index.php?rest_route=\/wp\/v2\/pages\/66\/revisions\/248"}],"wp:featuredmedia":[{"embeddable":true,"href":"https:\/\/www.prix-arverne.com\/index.php?rest_route=\/wp\/v2\/media\/14"}],"wp:attachment":[{"href":"https:\/\/www.prix-arverne.com\/index.php?rest_route=%2Fwp%2Fv2%2Fmedia&parent=66"}],"curies":[{"name":"wp","href":"https:\/\/api.w.org\/{rel}","templated":true}]}}